{"id":31,"date":"2026-03-23T11:11:28","date_gmt":"2026-03-23T11:11:28","guid":{"rendered":"https:\/\/qajdovu.site\/?page_id=31"},"modified":"2026-03-23T11:11:32","modified_gmt":"2026-03-23T11:11:32","slug":"vektoren-der-informationssicherheit","status":"publish","type":"page","link":"https:\/\/qajdovu.site\/?page_id=31","title":{"rendered":"Vektoren der Informationssicherheit"},"content":{"rendered":"\n<p>Datenschutz wird bei qajdovu als bin\u00e4res System betrachtet: Entweder die Daten sind gesichert, oder sie existieren nicht im System. Paul Benedict Birnbaum wendet die Prinzipien der DSGVO mit der gleichen Pr\u00e4zision an wie die Berechnung der Statik eines Betonbeckens.<\/p>\n\n\n\n<h3 class=\"wp-block-heading\">Die Verarbeitungskette der Nutzerdaten<\/h3>\n\n\n\n<ol start=\"1\" class=\"wp-block-list\">\n<li><strong>Erhebung:<\/strong> Nur technisch notwendige Bytes werden beim Zugriff auf help@qajdovu.site erfasst.<\/li>\n\n\n\n<li><strong>Verschl\u00fcsselung:<\/strong> Alle Datenstr\u00f6me unterliegen einer TLS-Verschl\u00fcsselung (Transport Layer Security).<\/li>\n\n\n\n<li><strong>Zweckbindung:<\/strong> Informationen dienen ausschlie\u00dflich der Kalkulation physikalischer Bauparameter in Markkleeberg.<\/li>\n\n\n\n<li><strong>L\u00f6schzyklus:<\/strong> Nach Abschluss der technischen Projektierung werden personenbezogene Daten nach den gesetzlichen Aufbewahrungsfristen aus dem Prim\u00e4rspeicher entfernt.<\/li>\n<\/ol>\n\n\n\n<p><strong>Rechte der betroffenen Subjekte:<\/strong> Sie besitzen das Recht auf Auskunft, Berichtigung und L\u00f6schung Ihrer Daten. Paul Benedict Birnbaum garantiert, dass keine Informationen an unbefugte Dritte oder Werbenetzwerke ver\u00e4u\u00dfert werden. Die Datenintegrit\u00e4t am Hemminger Bogen 92 genie\u00dft h\u00f6chste Priorit\u00e4t.<\/p>\n","protected":false},"excerpt":{"rendered":"<p>Datenschutz wird bei qajdovu als bin\u00e4res System betrachtet: Entweder die Daten sind gesichert, oder sie existieren nicht im System. Paul Benedict Birnbaum wendet die Prinzipien der DSGVO mit der gleichen Pr\u00e4zision an wie die Berechnung der Statik eines Betonbeckens. Die Verarbeitungskette der Nutzerdaten Rechte der betroffenen Subjekte: Sie besitzen das Recht auf Auskunft, Berichtigung und [&hellip;]<\/p>\n","protected":false},"author":1,"featured_media":0,"parent":0,"menu_order":6,"comment_status":"closed","ping_status":"closed","template":"","meta":{"footnotes":""},"class_list":["post-31","page","type-page","status-publish","hentry"],"_links":{"self":[{"href":"https:\/\/qajdovu.site\/index.php?rest_route=\/wp\/v2\/pages\/31","targetHints":{"allow":["GET"]}}],"collection":[{"href":"https:\/\/qajdovu.site\/index.php?rest_route=\/wp\/v2\/pages"}],"about":[{"href":"https:\/\/qajdovu.site\/index.php?rest_route=\/wp\/v2\/types\/page"}],"author":[{"embeddable":true,"href":"https:\/\/qajdovu.site\/index.php?rest_route=\/wp\/v2\/users\/1"}],"replies":[{"embeddable":true,"href":"https:\/\/qajdovu.site\/index.php?rest_route=%2Fwp%2Fv2%2Fcomments&post=31"}],"version-history":[{"count":1,"href":"https:\/\/qajdovu.site\/index.php?rest_route=\/wp\/v2\/pages\/31\/revisions"}],"predecessor-version":[{"id":32,"href":"https:\/\/qajdovu.site\/index.php?rest_route=\/wp\/v2\/pages\/31\/revisions\/32"}],"wp:attachment":[{"href":"https:\/\/qajdovu.site\/index.php?rest_route=%2Fwp%2Fv2%2Fmedia&parent=31"}],"curies":[{"name":"wp","href":"https:\/\/api.w.org\/{rel}","templated":true}]}}