{"id":20,"date":"2026-03-23T11:09:03","date_gmt":"2026-03-23T11:09:03","guid":{"rendered":"https:\/\/qajdovu.site\/?page_id=20"},"modified":"2026-03-23T11:09:06","modified_gmt":"2026-03-23T11:09:06","slug":"hydraulische-praezision-das-gesetz-des-flusses","status":"publish","type":"page","link":"https:\/\/qajdovu.site\/?page_id=20","title":{"rendered":"Hydraulische Pr\u00e4zision \u2013 Das Gesetz des Flusses"},"content":{"rendered":"\n<p>Ein Schwimmbad ist nur so gut wie seine Durchstr\u00f6mung. Birnbaum eliminiert &#8222;tote Zonen&#8220;, in denen Algenwachstum entstehen k\u00f6nnte. Die Hydraulik von qajdovu folgt den Prinzipien der Str\u00f6mungsmechanik. Wir nutzen das Verdr\u00e4ngungsprinzip: Das Wasser wird \u00fcber die gesamte Breite des Beckens eingestr\u00f6mt und \u00fcber \u00dcberlaufrinnen oder Hochleistungs-Skimmer wieder dem Filterkreislauf zugef\u00fchrt.<\/p>\n\n\n\n<figure class=\"wp-block-image size-large\"><img loading=\"lazy\" decoding=\"async\" width=\"1024\" height=\"767\" src=\"https:\/\/qajdovu.site\/wp-content\/uploads\/2026\/03\/PuhvkSLmQzi-1024x767.jpg\" alt=\"\" class=\"wp-image-21\" srcset=\"https:\/\/qajdovu.site\/wp-content\/uploads\/2026\/03\/PuhvkSLmQzi-1024x767.jpg 1024w, https:\/\/qajdovu.site\/wp-content\/uploads\/2026\/03\/PuhvkSLmQzi-300x225.jpg 300w, https:\/\/qajdovu.site\/wp-content\/uploads\/2026\/03\/PuhvkSLmQzi-768x575.jpg 768w, https:\/\/qajdovu.site\/wp-content\/uploads\/2026\/03\/PuhvkSLmQzi.jpg 1280w\" sizes=\"auto, (max-width: 1024px) 100vw, 1024px\" \/><\/figure>\n\n\n\n<p><strong>Flussdiagramm der Filtration<\/strong><\/p>\n\n\n\n<ol start=\"1\" class=\"wp-block-list\">\n<li><strong>Ansaugphase:<\/strong> Oberfl\u00e4chenreinigung durch Skimmer-Saugkraft oder \u00dcberlaufkante.<\/li>\n\n\n\n<li><strong>Grobfiltration:<\/strong> Vorfilter der Pumpe f\u00e4ngt Makro-Partikel ab.<\/li>\n\n\n\n<li><strong>Druckphase:<\/strong> Das Wasser wird mit ca. 0.5 bar durch einen Hochschichtfilter gepresst.<\/li>\n\n\n\n<li><strong>Medium:<\/strong> Verwendung von AFM (Activated Filter Media) statt Quarzsand \u2013 verhindert Biofilm-Bildung.<\/li>\n\n\n\n<li><strong>R\u00fcckf\u00fchrung:<\/strong> Einleitung \u00fcber str\u00f6mungsoptimierte D\u00fcsen zur vollst\u00e4ndigen Walzenbildung des Wasserk\u00f6rpers.<\/li>\n<\/ol>\n\n\n\n<p>Durch den Einsatz von Frequenzumrichtern an den Pumpenmotoren regulieren wir die Flie\u00dfgeschwindigkeit. Eine langsame Filtration verbessert das Ergebnis drastisch, w\u00e4hrend eine schnelle R\u00fccksp\u00fclung das Filtermedium effektiv reinigt. Paul Benedict Birnbaum kalibriert jedes System individuell auf die Beckengeometrie am Hemminger Bogen.<\/p>\n","protected":false},"excerpt":{"rendered":"<p>Ein Schwimmbad ist nur so gut wie seine Durchstr\u00f6mung. Birnbaum eliminiert &#8222;tote Zonen&#8220;, in denen Algenwachstum entstehen k\u00f6nnte. Die Hydraulik von qajdovu folgt den Prinzipien der Str\u00f6mungsmechanik. Wir nutzen das Verdr\u00e4ngungsprinzip: Das Wasser wird \u00fcber die gesamte Breite des Beckens eingestr\u00f6mt und \u00fcber \u00dcberlaufrinnen oder Hochleistungs-Skimmer wieder dem Filterkreislauf zugef\u00fchrt. Flussdiagramm der Filtration Durch den [&hellip;]<\/p>\n","protected":false},"author":1,"featured_media":0,"parent":0,"menu_order":4,"comment_status":"closed","ping_status":"closed","template":"","meta":{"footnotes":""},"class_list":["post-20","page","type-page","status-publish","hentry"],"_links":{"self":[{"href":"https:\/\/qajdovu.site\/index.php?rest_route=\/wp\/v2\/pages\/20","targetHints":{"allow":["GET"]}}],"collection":[{"href":"https:\/\/qajdovu.site\/index.php?rest_route=\/wp\/v2\/pages"}],"about":[{"href":"https:\/\/qajdovu.site\/index.php?rest_route=\/wp\/v2\/types\/page"}],"author":[{"embeddable":true,"href":"https:\/\/qajdovu.site\/index.php?rest_route=\/wp\/v2\/users\/1"}],"replies":[{"embeddable":true,"href":"https:\/\/qajdovu.site\/index.php?rest_route=%2Fwp%2Fv2%2Fcomments&post=20"}],"version-history":[{"count":1,"href":"https:\/\/qajdovu.site\/index.php?rest_route=\/wp\/v2\/pages\/20\/revisions"}],"predecessor-version":[{"id":22,"href":"https:\/\/qajdovu.site\/index.php?rest_route=\/wp\/v2\/pages\/20\/revisions\/22"}],"wp:attachment":[{"href":"https:\/\/qajdovu.site\/index.php?rest_route=%2Fwp%2Fv2%2Fmedia&parent=20"}],"curies":[{"name":"wp","href":"https:\/\/api.w.org\/{rel}","templated":true}]}}